(-14)?
1
Let u(k) = 2*k**2 + 4667*k + 37122. Determine u(-8).
-86
Let b(a) = -947*a**3 + 5*a**2 - 37*a + 28. What is b(1)?
-951
Let k(g) = 80*g**3 + 23*g + 24. Calculate k(-1).
-79
Let p(v) = 5513*v - 49454. Calculate p(9).
163
Let r(f) = 23*f**2 - 51223*f - 98080. Determine r(2229).
-4
Let y(z) = 408495*z + 4901947. Determine y(-12).
7
Let p(s) = -6*s**2 + 134*s - 261. Calculate p(2).
-17
Let c(j) = 2*j**2 + 120*j - 5334. What is c(-90)?
66
Let n(c) = -119*c**2 - 52*c + 223. Determine n(4).
-1889
Let g(p) = p**3 + 274*p**2 - 7853*p - 15905. Give g(-300).
-5
Let z(h) = -246*h + 2577. Give z(7).
855
Let u(n) = 227*n**3 + 1586*n**2 - 24*n - 31. What is u(-7)?
-10
Let p(s) = 70*s + 4568. What is p(-67)?
-122
Let k(h) = h**3 + 76*h**2 - 48*h - 1. What is k(-77)?
-2234
Let w(i) = -2*i**3 - 14*i - 96. Give w(0).
-96
Let q(y) = -371*y + 3043. Give q(8).
75
Let c(b) = 4*b**3 - 414*b**2 - 206*b - 165. What is c(104)?
43
Let h(j) = -j**3 + 90*j**2 + 149*j + 3075. Give h(92).
-145
Let r(h) = 364*h + 99367. Determine r(-273).
-5
Let g(d) = 6*d**2 - 215*d - 47763. Determine g(109).
88
Let r(f) = 11239*f + 78638. Calculate r(-7).
-35
Let c(m) = 200*m + 1203. What is c(-10)?
-797
Let m(x) = -x**2 + 1148*x + 69944. Determine m(-58).
-4
Let i(m) = -45595*m + 638340. Calculate i(14).
10
Let o(t) = 11347*t - 1963032. Give o(173).
-1
Let b(n) = 3*n**2 - 525*n + 11945. Give b(148).
-43
Let q(i) = -1191*i**2 - 9449*i + 540. Calculate q(-8).
-92
Let h(i) = -2*i**3 + 20*i**2 + 801*i - 8674. What is h(11)?
-105
Let y(s) = 19192*s - 1228278. Calculate y(64).
10
Let a(u) = 7051*u + 70491. Calculate a(-10).
-19
Let f(k) = 96*k + 20194. What is f(-211)?
-62
Let q(g) = 889*g + 4183. What is q(-4)?
627
Let x(b) = 5*b**3 - 273*b**2 - 123*b + 609. Determine x(55).
-106
Let m(p) = -943929*p + 6607502. What is m(7)?
-1
Let d(g) = g**3 + 351*g**2 - 490*g - 171980. Give d(-351).
10
Let f(a) = -3*a**3 - 2*a**2 + 107*a + 452. Determine f(-4).
184
Let d(j) = -59*j**2 + 1070*j + 3205. Give d(-3).
-536
Let y(b) = -b**3 + 3*b**2 - 151*b + 641. What is y(4)?
21
Let r(d) = 3*d**2 - 6059*d + 2938289. What is r(809)?
1
Let q(h) = h**2 - 106*h - 28982. Calculate q(-126).
250
Let v(p) = -4*p**2 + 96*p - 164. Give v(17).
312
Let s(b) = 38*b**2 + 110*b - 388. What is s(4)?
660
Let w(v) = -132*v**2 - 8229*v - 2816. Calculate w(-62).
-26
Let j(k) = -4353*k**3 - 21758*k**2 + 25*k - 54. Determine j(-5).
-4
Let w(y) = 2*y**2 + 591*y + 30921. Give w(-68).
-19
Let p(v) = 833333*v + 4166652. Determine p(-5).
-13
Let g(x) = -5152*x - 20479. Calculate g(-4).
129
Let x(f) = -5*f**2 + 65*f + 2987. What is x(32)?
-53
Let o(n) = 6*n**3 + 83*n**2 - 216*n + 15. What is o(-15)?
1680
Let l(c) = 5*c**3 - 49*c**2 - 1131*c + 11698. Calculate l(11).
-17
Let g(h) = h**3 + 828*h**2 - 2530*h - 30737. Give g(-831).
10
Let g(y) = 3538*y + 32068. Give g(-9).
226
Let t(o) = -31*o**2 + 1360*o + 504. Determine t(44).
328
Let b(y) = 2*y**2 - 1817*y + 72794. Calculate b(42).
8
Let u(d) = -1523*d - 11180. Calculate u(-7).
-519
Let q(j) = -32030*j - 769381. Determine q(-24).
-661
Let y(i) = 86*i**2 + 1565*i - 10. Give y(-18).
-316
Let y(u) = -69869*u + 139715. Calculate y(2).
-23
Let a(s) = -43*s**2 - 202*s + 1188. Give a(6).
-1572
Let l(o) = -o**3 + 15*o**2 + 282*o - 194. Calculate l(-11).
-150
Let f(z) = -3*z**3 + 591*z**2 + 97*z - 18959. Give f(197).
150
Let o(m) = -m**3 + 8*m**2 - 1455*m + 5824. Determine o(4).
68
Let v(r) = r**2 + 4021*r - 407927. What is v(99)?
-47
Let v(y) = 859878*y + 4299392. Give v(-5).
2
Let b(p) = 15*p**3 + 7*p**2 - 41*p + 35. Calculate b(4).
943
Let z(x) = 10*x**2 - 164*x - 5469. Give z(-24).
4227
Let k(w) = 5*w**2 - 2061*w - 4132. Calculate k(-2).
10
Let i(y) = -2592*y - 738721. Calculate i(-285).
-1
Let t(f) = -f**2 + 3559*f + 53536. Calculate t(-15).
-74
Let v(p) = p**3 - 12*p**2 + 262231*p - 1048822. Determine v(4).
-26
Let b(j) = 48*j**2 + 4128*j + 113. Calculate b(-86).
113
Let i(b) = -35*b**2 - 96*b + 412. Give i(6).
-1424
Let y(b) = -b**3 - 154*b**2 - 5864*b + 59. What is y(-85)?
-26
Let r(a) = -a**2 - 1598*a + 8023. What is r(5)?
8
Let q(l) = -7*l**2 + 1562*l - 37071. Determine q(27).
0
Let k(l) = -l**3 - 181*l**2 - 640*l - 313. What is k(-3)?
5
Let k(b) = -1036*b**2 - 4152*b - 19. Calculate k(-4).
13
Let w(m) = m**2 - 275*m - 180467. What is w(-309)?
-11
Let y(i) = i**3 - 8*i**2 - 61*i + 341. What is y(9)?
-127
Let z(l) = -25229*l - 807483. What is z(-32)?
-155
Let m(i) = -i**3 - 127*i**2 + 1976*i - 47. Calculate m(14).
-19
Let l(q) = -175*q**3 + 2796*q - 2795. Calculate l(1).
-174
Let l(r) = -11331*r - 90581. What is l(-8)?
67
Let f(a) = 2*a**3 - 86*a**2 - 84*a - 11. Give f(44).
165
Let h(p) = 3*p**2 - 1161*p + 33858. What is h(355)?
-222
Let k(h) = -122*h + 5234. Determine k(34).
1086
Let c(y) = 1513*y**3 - y**2 + 487*y + 489. What is c(-1)?
-1512
Let d(y) = -y**3 + 1661*y**2 + 629*y - 1044781. Determine d(1661).
-12
Let k(j) = 107*j - 2067. Give k(11).
-890
Let a(x) = -x**3 - 38*x**2 - 194*x + 2799. Determine a(6).
51
Let y(k) = 69*k**2 + 7*k - 1765. Give y(0).
-1765
Let k(q) = q**3 + 5*q**2 - 302*q - 2648. Calculate k(-11).
-52
Let g(l) = -2*l**2 + 14*l + 18350. Give g(108).
-3466
Let u(q) = -9*q**2 + 89*q - 47. What is u(9)?
25
Let y(i) = 428*i - 46266. Give y(108).
-42
Let j(v) = -27*v**3 - 11825*v**2 + 428*v - 4418. Determine j(-438).
-38
Let q(n) = -72*n**2 + 3822*n + 3189. Give q(54).
-375
Let l(b) = b**3 - 13*b**2 - 144*b + 1775. Calculate l(14).
-45
Let j(t) = t**3 + 107*t**2 + 570*t - 3544. What is j(-101)?
92
Let f(x) = -23119*x + 115546. Calculate f(5).
-49
Let j(n) = -57*n**2 - 2225*n + 12453. Give j(-44).
1
Let c(p) = 5*p**2 + 22613*p + 22612. Determine c(-1).
4
Let s(c) = c**2 + 233*c + 2058. What is s(-223)?
-172
Let b(m) = -200*m**2 + 8201*m - 18. Calculate b(41).
23
Let y(x) = -586*x + 35161. Give y(60).
1
Let y(q) = -q**3 + 28*q**2 - 101*q - 146. Calculate y(28).
-2974
Let w(k) = -k**2 - 73*k + 1655. Calculate w(24).
-673
Let s(r) = -2*r**2 - 31*r + 22. Give s(-23).
-323
Let v(u) = -u**3 + 363*u**2 + 1650*u - 66786. Calculate v(367).
8
Let g(t) = -2*t**3 + 4*t**2 - 136*t - 786. Give g(-5).
244
Let q(w) = 191*w**2 + 1353*w - 19. What is q(-7)?
-131
Let z(p) = -346*p - 13022. Calculate z(-38).
126
Let a(t) = 20*t + 2363. Give a(-106).
243
Let x(q) = 14811*q - 15190. Calculate x(1).
-379
Let y(o) = 2*o**3 + 900*o**2 - 1845*o - 16723. Calculate y(-452).
1
Let v(m) = -789*m + 8200. Give v(11).
-479
Let i(q) = 60231*q + 1264825. Determine i(-21).
-26
Let a(o) = 8*o**2 + 381*o - 17832. What is a(29)?
-55
Let x(l) = -3*l**3 + 45*l**2 + 93*l - 31. Determine x(17).
-184
Let b(p) = 20*p**2 + 53*p + 280. What is b(-5)?
515
Let p(v) = 64372*v - 6437202. Give p(100).
-2
Let q(g) = g**3 + 19*g**2 + 54551*g + 1091431. Give q(-20).
11
Let i(g) = 180*g**3 - 5*g**2 - 6*g - 3. Give i(-1).
-182
Let l(j) = 2*j**3 - 23*j**2 + 209*j - 2914. Calculate l(13).
310
Let j(c) = 336*c - 1183. Calculate j(4).
161
Let c(b) = -834*b + 58227. Determine c(70).
-153
Let j(p) = -p**3 + 20*p**2 + 99*p - 1156. Give j(22).
54
Let s(h) = 123*h - 4363. Determine s(21).
-1780
Let v(q) = -5402*q - 16384. Determine v(-3).
-178
Let s(w) = -3*w**3 - 58*w**2 + 611*w - 23. Calculate s(8).
-383
Let c(t) = 2377*t**2 + 102199*t - 512. What is c(-43)?
4
Let u(b) = b**3 + 77*b**2 - 1773*b - 132215. What is u(-78)?
-5
Let r(j) = j**2 + 14*j + 219. Give r(19).
846
Let d(i) = i**3 + 46*i**2 - 231*i - 6485. Calculate d(-48).
-5
Let v(t) = -366*t + 32701. Determine v(90).
-239
Let b(d) = -4158*d + 29230. Determine b(7).
124
Let p(g) = -8657*g + 3263665. Give p(377).
-24
Let y(o) = 55*o**2 - 18401*o + 10333. Give y(334).
-21
Let f(u) = 7523*u - 104297. Calculate f(14).
1025
Let m(y) = -y**3 - 13*y**2 + 29*y + 1. What is m(-15)?
16
Let q(d) = -d**3 - 50*d**2 - 221*d + 270. Calculate q(-45).
90
Let w(u) = u**2 - 287*u - 26221. Determine w(-73).
59
Let o(g) = -275*g**2 + 3488*g + 45505. Give o(-8).
1
Let z(x) = -794317*x - 3177359. What is z(-4)?
-91
Let r(i) = 3*i**3 - 1712*i**2 - 21573*i + 1284. Determine r(583).
118
Let l(h) = h**3 - 47*h**2 + 378*h + 86. What is l(37)?
382
Let i(w) = -w**2 + 133035*w - 1729299. What is i(13)?
-13
Let h(t) = 96695*t - 1546967. Give h(16).
153
Let v(l) = 9*l**2 - 1413*l + 24641. Calculate v